ate -9 + (123 - 24) + -5 + (1 + -3 - -5).
88
What is the value of (-6 - (8 + -5)) + 92 + -79?
4
Calculate (-70 - -72) + 39 + -4 + 3.
40
Evaluate 12 - (-1 - 2) - (236 - 231) - (89 + 4).
-83
-9 + -7 + 17 + (0 - 4) + -18 + 5
-16
What is -2 + -11 - (-45 - ((-3 - -3) + 6))?
38
-12 - (-65 + -1 + -11 + (144 - 127))
48
Calculate 222 - 270 - (-1 - 2 - (1 - 4)).
-48
Calculate -15 + -5 - (28 + 8 + 1).
-57
-5 - (11 + -33) - (-1 + 27) - -34
25
Calculate 12 + (-16 - (10 - 15)) + (26 - 26) - -31.
32
What is (3 - (-4 - -4)) + 3 + (18 - -1) + 4?
29
23 + 3 - -4 - (71 - 87)
46
What is -46 + (2 - (-1 - 6) - 3 - -6)?
-34
Calculate (-74 - (-314 - -156)) + 52.
136
What is 25 - (124 + -145) - 24?
22
What is the value of (-10 - ((0 - (0 - -2)) + -16)) + -27?
-19
Evaluate 16 + (53 - 54) + -2 + 9.
22
Calculate -91 - -72 - -44 - 54.
-29
What is the value of 29 + (0 - -41) + -37 + 87?
120
Calculate -35 - (-26 - (-43 + 77)).
25
What is the value of -4 - -22 - -16 - (-11 + 27)?
18
What is -1 - (35 - (2 - 6)) - -131?
91
(1 - -9) + 2 + -5 + (-83 - -68)
-8
What is (-31 + 17 + 18 - (-1 - 16)) + 1 + -3?
19
What is the value of -3 + (-1626 + 1678 - (-5 + 2 + -2))?
54
What is 21 - ((1 - 2) + (-29 - -6) + 14)?
31
What is the value of -5 - 13 - (31 - 45 - -30)?
-34
Evaluate (8 - 17) + (-9 - -21 - (-1 + 7)) - 69.
-72
What is the value of (5 - 89) + 121 + -7?
30
What is 0 - -129 - (3832 - 3749)?
46
Evaluate 19 + -32 + 14 + (1 - 15 - 1) - 3.
-17
What is -131 - (124 + -308 - -101)?
-48
What is the value of -150 + -541 + 535 + 1 + 29?
-126
Calculate -94 - (-130 + -25) - 47.
14
-977 + 974 + (4 - 4 - 77)
-80
Evaluate -82 + (112 - 50) - (-7 - (2 - 7)).
-18
Evaluate -6 - (-60 + (3 - ((2 - 8) + 11))).
56
Evaluate 17 + (93 - 42 - 51).
17
Evaluate (-2 - (2 + -5)) + (1826 - 1823) + 11.
15
Evaluate (-14 - 9) + (-33 + 13 - 11).
-54
-3 + (-7 - (7 + -8 - (-6 + 6))) - 41
-50
What is the value of (-90 - 0) + (63 + 198 - 256)?
-85
Evaluate 3 + (-11 - (-17 + -3 + (0 - 2))).
14
Calculate -78 - -70 - (1 - (8 + -8 + 3)).
-6
Evaluate -19 + 42 - (-6 + 5 + -10 + 20).
14
Calculate -23 + (47 - 36) - -3.
-9
What is -241 + 159 + -53 + 21?
-114
What is the value of 40 + 60 + -103 + (-2 - 0)?
-5
2 + 47 + (14 - 25) + 17 + -16
39
Calculate -1562 + 1504 - (1 + -79).
20
Calculate 1 + 10 + -53 + (6 + 2 - (-20 - -46)).
-60
Evaluate (10 + 3 - (9 + 19)) + (-60 - -17).
-58
Evaluate 3375 - 3369 - ((0 - (-1 + 1)) + -3 + -1).
10
What is the value of (-14 - 2 - (-1 + 6 + -16)) + -3 - 60?
-68
212 - 226 - (2 - 86) - (-7 + (16 - 6))
67
Calculate -160 + 46 - (2 - (3 - 5 - -13)).
-105
What is (-76 - -15) + (-2 - -2 - 13)?
-74
Calculate -37 + 12 + (-1 - -4).
-22
Evaluate (-53 - -27 - -27) + (-6 - (2 + 89)).
-96
Calculate (189 - 107) + 7 + -110.
-21
Calculate 2 + 0 - (7 + 28 + -8 + -17).
-8
-55 - -106 - (-26 + 61)
16
What is the value of 9 - ((20 - 7 - (-20 - 2)) + -8)?
-18
What is -3 + 0 + -8 + (-2 - 7 - (-7 + -6))?
-7
Calculate 5 + -26 + -1 + 27 + 73.
78
What is 4 + 2 - (-3 + 2 + -364 + 371)?
0
Evaluate (6 - (-2 + 21 + -1 + -9)) + -8 + -53.
-64
What is the value of -12 - (13 - (17 + -15) - (16 - 2))?
-9
95 + -30 + -7 + -35
23
-86 - -3 - ((0 + -27 - -21) + 0)
-77
9 - (32 + -33 + 36 + -32 + -1 + -67)
74
What is the value of 1 + (-188 - -67) + 195?
75
What is the value of 16 + -36 + -2 - -7 - 14?
-29
Calculate 14 + (-56 - -40) + (4 + 1 - 30).
-27
Evaluate (-116 - -120) + (-31 + 32 - ((-2 - -1) + 1)).
5
What is the value of 1 - 1 - 9 - (-45 + 230 - 231)?
37
Evaluate 27 + ((23 - 33) + -22 - -33).
28
Calculate 21 + -20 + -4 + -23 - -12.
-14
Evaluate -29 + -67 + 9 + 121.
34
-16 - ((-2 - -16 - 28) + 8)
-10
Calculate (-85 - -97) + (21 - (4 - 1)).
30
What is -14 + (-1 - 2) + -1889 + 1944?
38
What is the value of -27 - (-12 + 1 + 23 + -20)?
-19
What is the value of (9487 - 9590) + (1 - -69)?
-33
Calculate -3 - ((19 - -13) + 19 + -15).
-39
Evaluate 65 - (2 - (-3 + 2)) - (-34 + -16 + 45).
67
Calculate -17 + 0 - (4 + -5 + (-12 - (8 + -11))).
-7
Calculate (-3 - 35) + 9 + -63 + 76.
-16
Evaluate 8 + 25 + -7 + 23 + -17 + -2 + 15.
45
What is 13 + (-58 - -29) + 19 + 78?
81
What is 14 - -22 - (-54 - (24 - 50))?
64
Calculate 0 - (0 + -10) - (-181 + 190) - 6 - -25.
20
What is the value of (76 - (-42 - (-4 + 9))) + -16?
107
What is the value of 114 - ((194 - 42) + -82)?
44
What is -49 - (26 + -116 + 9)?
32
49 + 42 + (-117 - 61)
-87
(2751 - 2649) + (0 + -16 - (0 + -2))
88
Calculate (-132 - 16) + 122 - -155.
129
What is 3 - -29 - 4 - (-7 + (-4 + 0 - -10))?
29
Evaluate 4 - (2 + 12) - (14 + -1 + 5).
-28
What is 15 + (-2 - (-1 + 15)) - 12?
-13
What is (-8 - (36 + (-15 - 10))) + 89?
70
Calculate -1 - 103 - (-3 + -35 - (-75 + 56) - -11).
-96
Calculate (0 - 11 - (25 + (17 - 1) + -30)) + -1.
-23
Calculate 18 + 56 + -19 - (-20 - 0).
75
Evaluate 28 + -49 + -21 + (9 - (-2 - (1 - 4))).
-34
What is the value of (37 - ((-4 + 10 - -3) + -5) - 2) + -9?
22
What is the value of (1 - (5 + -6)) + (37 - -116 - 86)?
69
-55 + 40 + (58 - 27)
16
Calculate -10 - (3 + -1 + 12 + -8 - 1).
-15
(-18 + (-13 - -28) - -16) + 3 + -15
1
Evaluate (-15 - (-5 - 0)) + -30 + (30 - 55).
-65
Evaluate (25 - 20) + 165 + -254.
-84
35 - (18 - 9 - (12 + -16) - 1)
23
Evaluate -2 + -32 - (-61 - 0 - (-4009 - -3956)).
-26
Evaluate -1 + 4 + (56 - 54) + -3 + -55 - -3.
-50
What is the value of 11 + (-4 - -6) - 27 - (-10 - (-5 + -8))?
-17
72 - -1 - ((2 - 10) + (-17 - (-23 - 4)))
71
-28 + 12 + 23 - (-35 + -9 + 6)
45
What is -22 + (0 + 16 - (308 - 255))?
-59
What is -42 + 15 + (2 - (7 - (8 - 13)))?
-37
What is -109 + -1 - ((-2185 - -2151) + -2 + 19 + 1)?
-94
Calculate 60 + -76 + 24 - -8.
16
What is the value of (122 - 26) + -32 + -37?
27
Calculate -2 - (-2 + 5 - 6) - (925 - 908).
-16
Evaluate 0 + -3 + (2 - -3 - 2) + (208 - 292).
-84
-100 - (-8 + (16 - 85))
-23
0 + -13 + -75 + 158 + -24
46
What is (1 + -1 - (13 + (-7 - 3 - 0))) + -5?
-8
Calculate 306 + (-31 - 307) - (-30 - 1).
-1
Calculate -2 + 1 - (11 + -5) - (1 - -8).
-16
What is the value of -48 + 2 + (16 - (19 - (-1 - -10)))?
-40
Evaluate (-127 - -238) + (-11 - 19).
81
What is (28 - 11) + 1 + -23 + 1?
-4
What is 75 - (126 - -20 - 22)?
-49
Calculate ((85 - -5) + -82 - (54 + -1 - 2)) + 9.
-34
(-7 + 2 - 0) + (-79 - -75) + 11
2
Calculate -165 + 192 + -57 + 2 + -6.
-34
What is the value of (-9 + 12 - 34) + -1 + -13 - 6 - 13?
-64
-85 + (-19 - (17 + (8 - (-19 + 73))))
-75
What is the value of -36 - (-14 - -3 - 5 - -20 - 14)?
-26
(-6 - 16 - 55) + (-5 - -1) - (19 - 17)
-83
What is 53 + 1 + -355 + 337 - 5?
31
What is -68 + 81 - (-2 - (-2 + 2) - 0)?
15
What is (82 + -79 + (-1 - 20) - 17) + -8 + 0?
-43
Calculate 81 + -91 - (-6 - (3 + -5 - 32)).
-38
What is the value of (-77 - -63) + (0 - -5) + (-25 - -15)?
-19
Evaluate -72 - (-3 - (2 + 1) - (-31 + (65 - 38))).
-70
-193 + 388 + -206 - (57 + (0 - 2))
-66
What is the value of (-31 - (-48 - -96)) + (16 - 2) + 5?
-60
What is 15 - 15 - 39 - -46?
7
What is (-5 + 4 - -5) + (-89 - (-5 - 44))?
-36
Evaluate 29 + 0 - ((630 - 641) + (2 + -3 - -3)).
38
What is -7 + 0 - (1388 - 1367)?
-28
-6 + (-129 - -144 - (14 + -6))
1
-25 - (-138 + 40 + 46)
27
Calculate (93 - 80) + (17 - 139 - -18).
-91
Calculate -30 + (-34 - -48) + -35.
-51
What is the value of (-100 + 57 - -41) + -40 + -1?
-43
What is 3 + -5 + 1 - 26 - (139 + -130)?
-36
Calculate -63 + (-10 - -7) - (2 + 14 + -101 + 78).
-59
-1 - 36 - (14 + -10 - 17 - (9 - 31))
-46
Calculate 90 + (0 - (0 + 2)) + (-30 - 221) + 256.
93
Calculate (77 - 88) + -4 + 16 - -16.
17
What is -51 - (-8 + (2 - 12 - -1) + 19)?
-53
What is (-1 - -3 - 16) + (-109 - (-383 + 257))?
3
Evaluate (1 - (-7 - -23) - -11) + (-12 - 48).
-64
Evaluate -18 + 168 + -62 + (-9 - 0).
79
-4 - (-19 - -16 - -17) - -13
-5
What is 117 + (21 + 2 - (-118 - -169))?
89
Calculate (-58 - -22) + 50 + (5 + -4 - 61) + 7.
-39
(-2407 - -2462) + (-10 - 0)
45
Evaluate -54 - (10 + 20 + -14 + (2 - 3) + 0).
-69
Calculate (1 - 0) + 4 + -12 - (4 - -7 - -31).
-49
Calculate 10 + (-21 - 54 - -109).
44
What is the value of 9 - (-4 + 5) - (-141 + 66 - -136)?
-53
58 - (-47 - -98) - 51
-44
Calculate (-9 - -1) + 1 - ((-10 - (12 - 5)) + -9).
19
851 - 775 - (11 + (2 - -2))
61
What is -2 + 29 - (74 - (62 + 1))?
16
What is the value of 0 - -27 - (60 + 14 + -60)?
13
What is the value of (17 - (68 + -24)) + -3 + (12 + -2 - 1)?
-21
Calculate 16 - (12 + -8 + 4 - (-2